t of h?
4
Suppose -5*d + 7 = -o, 2*d = 2*o - d. Let b = 8 + -3. Suppose -b*r + 97 = -o. What is the tens digit of r?
2
Let o = -51 + 50. What is the hundreds digit of 1/((-2)/4) - (o - 107)?
1
Let v(i) = -i**3 - 9*i**2 - 8*i. Let o(p) = -p**2 + 4*p + 4. Let j be o(6). Let y be v(j). Suppose -6*a + 7*a - 9 = y. What is the units digit of a?
9
Let t(q) = -4*q**3 - q**2 - q. Let l(p) = p**3 - 1. Let f(x) = 2*l(x) + t(x). What is the tens digit of f(-3)?
4
Let b be ((-77)/14)/(3/(-42)). Let s = -41 + b. What is the units digit of s?
6
Let g = 0 + 2. Let v be (-224)/(-40)*(-5)/(-2). Suppose -v = g*t - 54. What is the tens digit of t?
2
Let z(p) = -p**3 + 4*p**2 - p + 3. Let j be z(3). Let m = 18 - j. What is the units digit of m?
9
Let l = 85 + -23. Let m be 30*4/3*1. Let w = l - m. What is the tens digit of w?
2
Let k = -13 - -13. Suppose 2*l - 15 = u + 2*u, k = 4*l + 4*u + 20. Suppose l = 2*h - h - 4. What is the units digit of h?
4
Let j = -14 + 20. Suppose j*n = 7*n - 18. Suppose r - 14 = n. What is the tens digit of r?
3
Let m = 2674 - 2344. What is the hundreds digit of m?
3
Suppose -4*m = -11*m - 28. Let v(x) = -x**3 + x**2 + 5*x - 2. What is the units digit of v(m)?
8
Let m(w) = -33*w + 61. What is the tens digit of m(-16)?
8
Suppose -3*h + 1121 = -2*p, h + 13*p - 379 = 11*p. What is the tens digit of h?
7
Let q(h) = -h - 35. Let u(x) = x + 23. Let y(w) = -5*q(w) - 8*u(w). What is the units digit of y(-5)?
6
Let l = 3080 + -2014. What is the thousands digit of l?
1
Let q = 14 - 9. Suppose q*a - 36 = -26. Suppose a*i = -2*i + 4. What is the units digit of i?
1
Let k(s) = -s**2 - 8*s - 12. Let z be k(-6). What is the units digit of 1 + z + 83 + (3 - 2)?
5
Let f = 395 + -216. What is the units digit of f?
9
What is the hundreds digit of ((-201)/4 + -1 + 0)*-8?
4
Let p = 2874 + -409. What is the thousands digit of p?
2
Suppose -b = 4*b - 5*o - 2735, -10 = 2*o. What is the units digit of b?
2
Suppose 10*w + 280 = 5*w. Let o be (-7)/(1 + 8/(-10)). Let k = o - w. What is the tens digit of k?
2
Suppose 0 = 4*d - 5*q - 29, 0 = q + 1. Suppose -1510 = -d*p - 130. What is the units digit of p?
0
Let i(n) = 144*n + 109. What is the hundreds digit of i(5)?
8
Let j be (33/44)/(2/8). Suppose -j*d = 163 - 985. What is the hundreds digit of d?
2
Let c = 27 - 17. What is the tens digit of c/(-1)*9*2/(-4)?
4
Suppose 4*z - 640 = 3*z - 5*j, -4*z + 2652 = -3*j. What is the units digit of z?
0
Let i be -4 - (0 - -37)/(-1). Suppose 0 = 2*q - i + 7. What is the units digit of q?
3
Suppose 6 = 5*b + n + n, b - 12 = 5*n. What is the hundreds digit of 247 + b + (1 - 7)?
2
Let m = 2058 + -1114. What is the tens digit of m?
4
Let y(q) = 31*q**2 - 6*q + 13. What is the tens digit of y(-3)?
1
Suppose 0 = 2*j - 60*x + 55*x - 2297, -5*j + 5699 = 2*x. What is the hundreds digit of j?
1
Suppose 0 = -2*d - 30 + 36. Suppose -d*l - 228 = -3*j - 0*j, 0 = j - 2*l - 81. What is the tens digit of j?
7
Let u(c) = 4*c**3 - 9*c**2 + 11*c - 67. What is the units digit of u(7)?
1
Suppose -2*u + 128 = 3*j, -u + 0*j = 3*j - 61. Let z = 227 - u. What is the tens digit of z?
6
Suppose -421 = -0*a - a. What is the units digit of a?
1
Let m = -747 + 1465. What is the units digit of m?
8
What is the tens digit of (-42)/6*1072/(-28)?
6
Suppose 4*s = 0, -d - 3*d = 2*s - 2412. What is the tens digit of d?
0
Let a(m) = -109*m**3 + 2*m**2 + 2*m + 1. Let f be a(-1). Let s = f + -52. What is the units digit of s?
8
Let s(f) be the third derivative of 19*f**5/60 + f**4/8 + f**3/3 + 14*f**2. What is the tens digit of s(-2)?
7
Suppose 0 = 5*x + 5*a - 5772 + 692, 2040 = 2*x - 2*a. What is the units digit of x?
8
Let d = -33 - -59. Suppose 125*x = 115*x + 20. Suppose x*m + 8 = d. What is the units digit of m?
9
Let b(g) = g**2 + 3*g - 10. Suppose -4*o - 48 = 2*o. What is the tens digit of b(o)?
3
Suppose 0 = 5*i - 2*i + 57. Let h = i + 22. Suppose t + 5*g - 5 = 34, g = h. What is the tens digit of t?
2
Let m(t) be the first derivative of 2*t**3/3 + 13*t**2 + 38*t - 39. What is the units digit of m(-16)?
4
Let p = 25 - 22. Suppose 4*t - 367 = -m, 5*m + 373 = t + p*t. Let b = -54 + t. What is the units digit of b?
8
Suppose -a - 10 = -d, 2*a - 4*a + 1 = d. Suppose -d*n = 4*l - 3*n - 444, -l + n = -117. What is the hundreds digit of l?
1
Let i(f) = 359*f + 41. What is the units digit of i(1)?
0
Let l(y) = -y**3 - 7*y**2 + 2. Let g be l(-7). Suppose 4*d = -0*f - g*f + 40, f - 4*d = -10. What is the units digit of f?
0
Let q(s) = 31*s**2 - 4*s. What is the hundreds digit of q(4)?
4
Let x = -21 + 25. Let m be (0 - 4/x)*1. What is the units digit of -75*(m + 4/6)?
5
Let o = -29 + 29. Let f(n) = -2 + n + 2 - 1 + o*n. What is the units digit of f(3)?
2
Suppose -14 - 6 = 5*i, -2*y + 2534 = -3*i. What is the tens digit of y?
6
Suppose 3*r = 15 - 0. Suppose -b - 108 = -c - 6*b, -2*c + 206 = r*b. What is the units digit of c?
8
Suppose c - 1 - 2 = 0. Suppose c*a + 33 = 18. Let w(t) = -6*t + 8. What is the units digit of w(a)?
8
Let n = -7 + 17. Suppose -n*g + 8*g + 76 = 0. What is the units digit of g?
8
Let r = 130 - 52. Let j(b) = -b**2 + 22*b + 22. Let c be j(22). Suppose -c - r = -4*a. What is the units digit of a?
5
Suppose f = -2 + 9. Suppose 0 = -f*o + o + 510. What is the tens digit of o?
8
Let x(j) = 6*j**3 - 3*j**2 + 4*j. Let u be x(3). Let o = -102 + u. What is the tens digit of o?
4
Suppose 6281 = -6*n + 2135. Let d = -427 - n. Suppose -264 = -4*p - 4*z, d = 4*p - 4*z + 2*z. What is the tens digit of p?
6
Let l(t) be the second derivative of -2*t**5/5 + t**4/12 + t**3/3 + t**2 + 14*t. What is the tens digit of l(-2)?
6
Let d(k) = -141*k + 6. Let w be d(-1). Suppose 2*r - 5*t - w = 0, 5*r - 5*t = -2*t + 377. What is the tens digit of r?
7
Let r(k) = -191*k - 5. What is the units digit of r(-2)?
7
Let v = -9 - -11. Let h(o) = -6*o + 113 - 3*o**3 + 2*o**3 - 4*o**v - 119. What is the units digit of h(-4)?
8
Let b(p) = -p**2 - 5*p + 1. Let w be b(-4). Suppose -w*x = -6*x + 41. What is the units digit of x?
1
Let z(a) = -3*a - a + 6*a - 16. Let k be z(7). What is the units digit of 1 - (48/k - -1)?
4
Let h = -764 + 1312. What is the hundreds digit of h?
5
Suppose o = 10*o - 63. Let b(u) = u**3 - 9*u**2 + 16*u - 5. What is the units digit of b(o)?
9
Suppose -k - 7 = 18. Let j = 80 - k. What is the tens digit of j?
0
Let u be 153/21 + 6/(-21). Suppose 0 = i + 3*i - 12. Suppose -2*k + i*n - 58 = -u*k, -n = -1. What is the tens digit of k?
1
Let a(j) = -j**2 + 3*j + 20. Let i be a(-4). What is the tens digit of 20064/80 + (-1)/((-10)/i)?
5
Let w be ((-6)/9)/(8/(-3) + 2). What is the units digit of (w - -69) + -6 + 4?
8
Suppose 11*d - 13*d + 232 = 0. What is the tens digit of d/16*(-1 - -5)?
2
Let v = -4048 - -6452. What is the thousands digit of v?
2
Let y(l) = 9*l**3 + l**2 - 1. Suppose 5*k - 5 = -0*k. Let z be y(k). Let n(c) = c**3 - 8*c**2 - 6*c + 4. What is the tens digit of n(z)?
3
Suppose -4*x = 11 - 3. Let g be (2/4)/(x/(-12)). What is the units digit of g/1 + -6 + 52?
9
Let a(m) be the second derivative of -2/3*m**3 + 1/12*m**4 + 7/2*m**2 + m + 0. What is the tens digit of a(7)?
2
Let b be ((-8)/20)/(1/(-5)). Suppose -2*d = -d + 2*r - 5, b*r = -3*d + 15. Suppose d*j - 36 - 34 = 0. What is the units digit of j?
4
Suppose 0*a - 4*b + 56 = 4*a, 4*b - 40 = -3*a. Suppose 0*f + 2*f + a = 0. Let u = 10 + f. What is the units digit of u?
2
Let n(i) = 9*i - 9. Suppose 4*k - 31 = -0*k - w, -k - 5 = -4*w. What is the units digit of n(k)?
4
Let q(b) = -2*b + 10. Let y be q(-6). Let v = -10 + y. What is the tens digit of 8/v + 164/6?
2
Suppose 0 = -5*b + 40. Let c = 9 - b. Let n(f) = 21*f**2 + f - 2. What is the units digit of n(c)?
0
Let w(n) = n**2 - 34*n - 314. What is the units digit of w(-29)?
3
Let j be (1 + 1 + 18)*8. Suppose 11*s - j = 10*s. What is the units digit of s?
0
Let z = 66 - -274. Suppose -2*q - 3*j - 2*j + 205 = 0, 4*q = 4*j + z. What is the units digit of q?
0
Let y be 70/18 + 1/9. Suppose 2*d + 3*z - 21 = 0, -4*d - 2 + 4 = -2*z. Suppose -n + 10 = 5*w, -y*n + 190 = n - d*w. What is the tens digit of n?
3
Let r be (3/2)/((-1)/((-996)/9)). Suppose 13 - r = -s - 4*z, 5*s + 5*z = 780. What is the units digit of s?
7
What is the tens digit of ((210 - -4) + 4)*(-22)/(-4)?
9
Let v be -20*(-84)/18*(-6)/(-